*2 + q + 3. Determine x(b).
9
Let u(n) = 6*n**3 - 4*n**2 + 8*n - 11. Let w(q) be the third derivative of -q**6/120 - q**4/24 + q**3/6 + 5*q**2. Let z(b) = -u(b) - 5*w(b). What is z(4)?
-6
Let v(m) be the first derivative of -m**4/4 - 5*m**3/3 + 7*m**2/2 + 6*m + 3. Let c be v(-6). Let s(u) = -u**3 - u**2 + 1. What is s(c)?
1
Let g(j) = j**2 + 6*j - 5. Let l be 6/(-9)*(20 - -1). Let v = -20 - l. What is g(v)?
-5
Let i(z) = 4*z + z + 76 - 71 - 3*z. Give i(-5).
-5
Let o be 44/(-10) + 18/(-30). Let x(d) = -6*d - 4 + d**3 + 3 - d + 4*d**2. Calculate x(o).
9
Let o(h) be the first derivative of h**3 + 1/4*h**4 + 4*h + 3 - 1/2*h**2. Calculate o(-3).
7
Let p(x) = -2 - 1 + 2. Suppose 0*g + 3*s + 4 = -5*g, -s = -g + 4. Let l(a) = a**2 + 4*a + 7. Let d(n) = g*l(n) + 6*p(n). What is d(-3)?
-2
Let d(u) be the second derivative of 0 + 1/12*u**4 + 3/2*u**2 - u**3 - 3*u. What is d(4)?
-5
Let t(b) be the third derivative of b**4/12 + 5*b**3/6 + 2*b**2. Suppose -g - 4 = -0. What is t(g)?
-3
Let o(n) be the third derivative of -n**4/24 + n**3/3 + 10*n**2. Determine o(0).
2
Let k(h) = 18*h - 8*h - 7*h. Calculate k(-1).
-3
Let d(h) = -3*h**3 + h + 1. Let a be d(-1). Suppose -2*x - 2*o = -0*x + 12, -4*o + 4 = -a*x. Let q(r) = -1 + r - 3*r + 0 + 3*r. What is q(x)?
-5
Let f be (0 - 1) + 7 + -5. Let v(u) = 0*u - u + 0*u + f + 0*u. Suppose 0*o = 3*y + 5*o + 24, y - 3*o = 6. Give v(y).
4
Let l(h) = -5*h - 4. Let u(o) = -o. Let t(r) = l(r) - 6*u(r). What is t(2)?
-2
Suppose -5 = 5*j + 5. Suppose -1 = v - n - 8, -14 = 3*v + 4*n. Let w(h) = -2*h - 3 + v + 0*h. Give w(j).
3
Let p = -5 + 8. Let h(g) = -p*g + 2*g**3 + 3*g**2 - 5*g**2 - g**3 - 2 + 0*g**3. What is h(3)?
-2
Let v(h) = 2*h**2 + 2*h + 2. Let x = -10 + 8. Give v(x).
6
Let k(h) be the third derivative of h**5/60 - h**3/2 + 18*h**2. Calculate k(3).
6
Let t(m) be the first derivative of -m**2/2 - 6*m - 86. Let j be (-46)/8 + 1/(-4). Calculate t(j).
0
Let b(d) = 19*d**3 + 11*d**2 + 6*d + 5. Let r(l) = -4*l**3 - 2*l**2 - l - 1. Let g(j) = -2*b(j) - 11*r(j). Give g(1).
6
Let l be (1 + 1)/((-4)/(-8)). Let q = -2 + l. Let n(v) = -2 - q*v - 1 - 2. Give n(-5).
5
Let r be 3/(-6)*(-18 - 0). Let t(u) = 3*u - 3. Let y(o) = 7*o - 7. Let f(g) = r*t(g) - 4*y(g). Determine f(0).
1
Suppose -p - 6 = 2*h + 2*h, 0 = -3*h - 3. Let q(a) = -a**2 - a - 1. Let y be q(p). Let u(d) = d**2 + 3*d + 2. What is u(y)?
2
Let j(p) = p**2 - 3*p - 7. Let f = 13 - 8. Give j(f).
3
Let w(v) = -v**2. Let n = -3 - -6. Let o(k) = k**3 - 4*k**2 + 2*k + 1. Let a be o(n). What is w(a)?
-4
Let s(a) = -a + 1. Suppose -3*p - 4 = -3*r + p, 0 = -4*p + 20. Let f = r + -11. What is s(f)?
4
Suppose 0*h + 4 = -2*h. Let n(p) = -3*p - 2. Give n(h).
4
Let n(m) be the second derivative of m**4/12 - 13*m**2/2 - 4*m. What is n(0)?
-13
Let m(h) = h**3 + 4*h**2 - 4. Let d = -21 - -17. Let w be m(d). Let r(f) = 1 + 0*f - f - f**3 + 2*f**3 + 3*f**2. Determine r(w).
-11
Let a be (90/75)/(3/10). Let r(v) = a - v - v**3 - 5*v**2 + 11*v - 2*v. Give r(-6).
-8
Let o(i) = -i**3 - 7*i**2 - 5*i + 6. Let f be ((-2)/3)/(2/15). Let u(k) = k**2 + 3*k - 2. Let y be u(f). Let r = -14 + y. Give o(r).
0
Let n(s) = s**2 + s + 1. Let b(p) = -5*p**2 + p - 3. Let q(k) = b(k) + 6*n(k). Let r be 38/(-14) + ((-18)/21)/3. Determine q(r).
-9
Let i(q) = -q. Let s(d) = -d + 2. Let x be s(-2). Suppose g - x = 2. Give i(g).
-6
Let x(r) = r + 1. Let n be 4/((-4)/15) - 2. Let q = 29 + n. Suppose 8 = w + 3*y, -y + q = 3*y. Calculate x(w).
0
Let n = 2 + 0. Suppose 54 = -4*b - 4*q + 6, -b - n*q - 13 = 0. Let v = 6 + b. Let m(a) = -a**3 - 6*a**2 - 4*a - 1. Calculate m(v).
-6
Let t(y) = -y - 2. Let h = -19 + 21. Determine t(h).
-4
Suppose -g = f + 3*f - 15, 2*g - 3*f = 8. Let j(x) = -4*x**2 + 1 - g*x + 2 + 3*x**2. What is j(-6)?
9
Let g(i) = i**2 - 8*i + 9. Let h be g(7). Let w(f) = 2 + h + 2*f - 3*f. Suppose -14 = -3*s + 1. Give w(s).
-1
Let z(h) = -h**3 - 7*h**2 - 7*h - 1. Let q(l) = 5*l - 21. Let u be q(3). Calculate z(u).
5
Let n(h) be the second derivative of h**5/20 - h. Let z(l) = -6*l**3 + 4*l**2 + 5*l + 1. Let f(x) = 5*n(x) + z(x). Calculate f(5).
1
Suppose -3*s - 29 + 5 = 2*c, 0 = 2*c - 5*s - 8. Let y(f) be the second derivative of f**5/20 + 7*f**4/12 + 3*f**3/2 + 9*f**2/2 - 2*f. What is y(c)?
-9
Let v(q) = -q**3 + 6*q**2 + 6. Let x = -38 - -63. Suppose -x = -3*i - 2*i. Suppose i*b - u = -6*u + 30, -2*b - 4*u = -12. Determine v(b).
6
Let h(t) = -t**2 - t + 1. Suppose -n - 18 = 5*n. Determine h(n).
-5
Let j(v) = -9*v**2. Let x(s) = -5*s - 61. Let c be x(-12). Give j(c).
-9
Let h(g) = 5*g**2 - g + 1. Let l = 48 - 46. What is h(l)?
19
Let m(z) = 21 + 2*z + 4*z**2 - 23 + 4*z - 3*z - z**3. Determine m(5).
-12
Let y(p) = -23*p**2 + 3*p + 60*p**2 - 32*p**2 - 1 + p**3. Determine y(-4).
3
Let t(p) = 3*p**3 - 9*p**2 + 11*p - 8. Let n(w) = w**3 - 3*w**2 + 4*w - 3. Let i(m) = -8*n(m) + 3*t(m). Calculate i(2).
-2
Let m(a) = a**2 - 9*a + 8. Let f(h) = -4*h - 2. Let g be f(-2). Give m(g).
-10
Let x be 100/16*1*-4. Let w be (-4)/(-24) - x/(-6). Let j(a) = a**3 + 4*a**2 - 2*a - 5. Give j(w).
3
Let b = 3 - 3. Suppose b = -2*r + 6 - 2. Suppose -m + 3 = 3*w, 0 = -m - r*m - 3*w - 3. Let a(x) = x**3 + 2*x**2 - 3*x - 1. Determine a(m).
-1
Suppose -4*d - f + 2*f = -9, 3*d - 1 = -5*f. Let j(k) = 3*k + 1. Calculate j(d).
7
Let x(m) = m**2 + 5*m - 2. Suppose 5*z + 4*o = 3*z - 12, 0 = 3*z - 4*o + 8. Determine x(z).
-6
Let j(t) = -t. Let b(y) = -6*y - 2. Let w(n) = b(n) - 5*j(n). Give w(-3).
1
Let x(t) = t**2 - t - 1. Let d be x(-1). Let m be (3 + (d - 3))*2. Let z(p) = 3*p - m*p - 10 + 12. Give z(-4).
-2
Let s(v) be the first derivative of 2*v - 5 + 1/3*v**3 + 2*v**2. What is s(-4)?
2
Let d(u) be the third derivative of u**9/60480 - u**8/3360 + u**6/360 - u**5/15 - 2*u**2. Let r(f) be the third derivative of d(f). What is r(6)?
2
Let s(t) = -t + 2. Let i be (-3 - 0/1) + 0. Let p(y) = 4*y - 2. Let f(w) = w - 1. Let g(h) = 5*f(h) - p(h). Let b(l) = i*g(l) - 4*s(l). What is b(-5)?
-4
Suppose -6*t + 4 = -4*t. Let u be (t - 0)/((-6)/9). Let o(b) = -6*b**2 + 25*b + 26. Let d(n) = n**2 - 5*n - 5. Let c(a) = 11*d(a) + 2*o(a). Give c(u).
3
Let w(q) = 4*q + 4. Suppose -3 = -4*f - 107. Let b(t) = -t - 1. Let k(l) = f*b(l) - 6*w(l). Give k(4).
10
Let u(r) = 5*r**3 + 3*r**2 + 6. Let c(m) = -11*m**3 - 6*m**2 - 13. Suppose -2*y - 16 = 4*w, -5*y - 1 - 24 = -5*w. Let s(g) = y*c(g) - 13*u(g). Determine s(3).
0
Let i(t) = 11*t**2 - 1. Suppose -1 = 11*c - 12*c. Calculate i(c).
10
Let r(s) = -2 + 13*s - 6*s - 5*s + 2*s**2. Calculate r(2).
10
Let g(c) = 2*c - 27. Let r(y) = y - 13. Let i(k) = -2*g(k) + 5*r(k). Let p(f) = -f**3 + 9*f**2 - 10*f - 4. Let d be p(8). Let l = -14 - d. What is i(l)?
-5
Let o(i) = 4*i + 0*i**3 + 5*i**2 - 2*i + 4 - 1 + i**3. Let g be (1/2)/(-1)*10. What is o(g)?
-7
Suppose -z + 5 = 1. Let g = z - 4. Suppose 3*m + g*m + 6 = 0. Let l(t) = t**2 + 1. What is l(m)?
5
Let a(r) be the second derivative of -r**5/4 + 11*r**4/12 + 2*r**2 - 4*r. Let q(d) = -11*d**3 + 23*d**2 + d + 8. Let l(t) = 13*a(t) - 6*q(t). Determine l(-6).
4
Let g(i) = -i - 7. Let h be g(-10). Let y(f) = 2*f**2 - 2*f. Calculate y(h).
12
Let g(p) = p**2 + 6*p + 6. Let w = -42 + 36. Give g(w).
6
Let k(g) = -g**2 - g + 1. Let n(v) = -5*v**2 - 12*v + 2. Let z(b) = 6*k(b) - n(b). Let o = 16 - 10. Give z(o).
4
Suppose -2 = -4*y - 6. Let f(q) = 3 - 5 - 5*q + 1. Calculate f(y).
4
Let j(s) be the second derivative of -s**6/180 - s**5/120 + s**4/4 + 2*s. Let t(h) be the third derivative of j(h). Calculate t(3).
-13
Let t be (-2)/4 + (-3 - (-56)/16). Let l(w) = -w**2 - 6. Calculate l(t).
-6
Let i(b) = -b**3 + 2*b**2 + b - 2. Suppose -28 = y - 5*y. Let n be 32/14 + (-2)/y. Give i(n).
0
Let v(m) be the first derivative of 7*m**6/120 - m**4/24 - m**3/6 + 2*m**2 + 6. Let u(x) be the second derivative of v(x). Determine u(-1).
-7
Suppose -2*v - 6 = -4*v. Suppose -5*m = c, 2*m - v*c - 1 = 16. Let g(l) = -m + 2 - 2*l + l**2 + 5*l - 4. What is g(-3)?
-3
Let m(z) = z**2 + z. Let r(j) = j**3 + 5*j**2 + 3*j - 1. Let o(b) = -5*m(b) + r(b). Let i(f) = -f**2 - 4*f - 2. Let c be i(-4). What is o(c)?
-5
Suppose -3*x - 17 + 5 = 4*l, 5*l = -15. Suppose -9 = -4*k - 5*t, -5*k - 5*t = -x*k - 5. Let g(c) = c + 3. What is g(k)?
-1
Let n(s) be the first derivative of -s**2 + s - 23. Determine n(-1).
